{"id":228,"date":"2024-08-01T21:33:59","date_gmt":"2024-08-02T03:33:59","guid":{"rendered":"https:\/\/globalizacionydesarrollo.com\/home\/?page_id=228"},"modified":"2024-08-06T00:51:45","modified_gmt":"2024-08-06T06:51:45","slug":"libros","status":"publish","type":"page","link":"https:\/\/globalizacionydesarrollo.com\/home\/libros\/","title":{"rendered":"Libros"},"content":{"rendered":"\n<ul class=\"wp-block-list\">\n<li style=\"margin-top:var(--wp--preset--spacing--20);margin-bottom:var(--wp--preset--spacing--20)\"><a href=\"http:\/\/globalizacionydesarrollo.com\/home\/wp-content\/uploads\/2024\/07\/Integracion_o_Desintegracion.pdf\" target=\"_blank\" rel=\"noreferrer noopener\"><strong>\u00bfIntegraci\u00f3n o Desintegraci\u00f3n? Transformaciones recientes en Am\u00e9rica del Norte.<\/strong><\/a><\/li>\n<\/ul>\n\n\n\n<hr class=\"wp-block-separator has-alpha-channel-opacity is-style-default\" style=\"margin-top:0;margin-bottom:0\"\/>\n\n\n\n<ul class=\"wp-block-list\">\n<li><strong><a href=\"http:\/\/globalizacionydesarrollo.com\/home\/wp-content\/uploads\/2024\/08\/Las_Relaciones_Economicas_y_Geopoliticas_capitulo.pdf\" target=\"_blank\" rel=\"noreferrer noopener\">Las relaciones econ\u00f3micas y geopol\u00edticas de Am\u00e9rica Latina con China, Estados Unidos y Rusia 1997-2010<\/a><\/strong>.<\/li>\n<\/ul>\n\n\n\n<hr class=\"wp-block-separator has-alpha-channel-opacity is-style-default\"\/>\n\n\n\n<ul class=\"wp-block-list\">\n<li><a href=\"http:\/\/globalizacionydesarrollo.com\/home\/wp-content\/uploads\/2024\/07\/La_integracion_de_America_del_Norte.pdf\" target=\"_blank\" rel=\"noreferrer noopener\"><strong>La Integraci\u00f3n de Am\u00e9rica del Norte y la Pol\u00edtica Internacional de Estados Unidos.<\/strong><\/a><\/li>\n<\/ul>\n\n\n\n<hr class=\"wp-block-separator has-alpha-channel-opacity\"\/>\n\n\n\n<ul class=\"wp-block-list\">\n<li><strong><a href=\"https:\/\/globalizacionydesarrollo.com\/index.php\/libros\/20-anos-del-tlcan\">20 a\u00f1os del TLCAN.<\/a><\/strong><\/li>\n<\/ul>\n\n\n\n<hr class=\"wp-block-separator has-alpha-channel-opacity\"\/>\n\n\n\n<ul class=\"wp-block-list\">\n<li><strong><a href=\"https:\/\/globalizacionydesarrollo.com\/index.php\/libros\/desarrollo-rural-y-crisis-alimentaria-en-mexico\">Desarrollo rural y crisis alimentaria en M\u00e9xico.<\/a><\/strong><\/li>\n<\/ul>\n\n\n\n<hr class=\"wp-block-separator has-alpha-channel-opacity\"\/>\n\n\n\n<p><\/p>\n","protected":false},"excerpt":{"rendered":"","protected":false},"author":1,"featured_media":0,"parent":0,"menu_order":0,"comment_status":"closed","ping_status":"closed","template":"","meta":{"_editorskit_title_hidden":false,"_editorskit_reading_time":0,"_editorskit_is_block_options_detached":false,"_editorskit_block_options_position":"{}","footnotes":""},"class_list":["post-228","page","type-page","status-publish","hentry"],"_links":{"self":[{"href":"https:\/\/globalizacionydesarrollo.com\/home\/wp-json\/wp\/v2\/pages\/228","targetHints":{"allow":["GET"]}}],"collection":[{"href":"https:\/\/globalizacionydesarrollo.com\/home\/wp-json\/wp\/v2\/pages"}],"about":[{"href":"https:\/\/globalizacionydesarrollo.com\/home\/wp-json\/wp\/v2\/types\/page"}],"author":[{"embeddable":true,"href":"https:\/\/globalizacionydesarrollo.com\/home\/wp-json\/wp\/v2\/users\/1"}],"replies":[{"embeddable":true,"href":"https:\/\/globalizacionydesarrollo.com\/home\/wp-json\/wp\/v2\/comments?post=228"}],"version-history":[{"count":17,"href":"https:\/\/globalizacionydesarrollo.com\/home\/wp-json\/wp\/v2\/pages\/228\/revisions"}],"predecessor-version":[{"id":311,"href":"https:\/\/globalizacionydesarrollo.com\/home\/wp-json\/wp\/v2\/pages\/228\/revisions\/311"}],"wp:attachment":[{"href":"https:\/\/globalizacionydesarrollo.com\/home\/wp-json\/wp\/v2\/media?parent=228"}],"curies":[{"name":"wp","href":"https:\/\/api.w.org\/{rel}","templated":true}]}}