{"id":95,"date":"2024-04-28T01:44:01","date_gmt":"2024-04-28T07:44:01","guid":{"rendered":"https:\/\/globalizacionydesarrollo.com\/home\/?page_id=95"},"modified":"2024-04-28T02:46:37","modified_gmt":"2024-04-28T08:46:37","slug":"publicaciones","status":"publish","type":"page","link":"https:\/\/globalizacionydesarrollo.com\/home\/publicaciones\/","title":{"rendered":"Publicaciones"},"content":{"rendered":"\n<p class=\"has-medium-font-size\"><strong>Lista de Publicaciones<\/strong><\/p>\n\n\n\n<ul class=\"has-small-font-size wp-block-list\">\n<li><strong>\u00abAgricultura, Industrializaci\u00f3n y Autogesti\u00f3n Campesina\u00bb.<\/strong>\n<ul class=\"wp-block-list\">\n<li><strong>Autor<\/strong>. Centro de Estudios Hist\u00f3ricos de Agrarismo en M\u00e9xico.<\/li>\n\n\n\n<li>M\u00e9xico, 1986. 156 p\u00e1ginas.<\/li>\n<\/ul>\n<\/li>\n<\/ul>\n\n\n\n<ul class=\"has-small-font-size wp-block-list\">\n<li><strong>\u00abReforma Agraria y Colectivizaci\u00f3n Ejidal en M\u00e9xico. La experiencia cardenista\u00bb.<\/strong>\n<ul class=\"wp-block-list\">\n<li><strong>Autor<\/strong>. Universidad Aut\u00f3noma de Sinaloa.<\/li>\n\n\n\n<li>Culiac\u00e1n, Sinaloa, M\u00e9xico, 1990. 128 p\u00e1ginas.<\/li>\n<\/ul>\n<\/li>\n<\/ul>\n\n\n\n<ul class=\"has-small-font-size wp-block-list\">\n<li><strong>\u00abM\u00e9xico, Crisis y Dependencia. Por un proyecto alternativo de desarrollo nacional\u00bb.<\/strong>\n<ul class=\"wp-block-list\">\n<li><strong>Autor<\/strong>. Enlace, Comunicaci\u00f3n y Capacitaci\u00f3n, A. C.<\/li>\n\n\n\n<li>M\u00e9xico, D. F., 1991. 168 p\u00e1ginas.<\/li>\n<\/ul>\n<\/li>\n<\/ul>\n\n\n\n<ul class=\"has-small-font-size wp-block-list\">\n<li><strong>\u00abReforma Agraria, Alimentaci\u00f3n y Desarrollo Agroindustrial\u00bb. Coordinaci\u00f3n General: Ifigenia Mart\u00ednez y Jorge A. Calder\u00f3n Salazar.<\/strong>\n<ul class=\"wp-block-list\">\n<li><strong>Coautor.<\/strong>\u00a0C\u00e1mara de Diputados.<\/li>\n\n\n\n<li>M\u00e9xico, D.F. , 1991. 182 p\u00e1ginas<\/li>\n<\/ul>\n<\/li>\n<\/ul>\n\n\n\n<ul class=\"has-small-font-size wp-block-list\">\n<li><strong>\u00abEl Tratado de Libre Comercio y el Desarrollo rural. Impacto en la industria alimentaria y en la producci\u00f3n de granos b\u00e1sicos. Propuestas alternativas\u00bb.<\/strong>\n<ul class=\"wp-block-list\">\n<li><strong>Autor<\/strong>. Centro de Estudios del Movimiento Obrero y Socialista.<\/li>\n\n\n\n<li>M\u00e9xico, D. F., 1992. 128 p\u00e1ginas.<\/li>\n<\/ul>\n<\/li>\n<\/ul>\n\n\n\n<ul class=\"has-small-font-size wp-block-list\">\n<li><strong>\u00abTratado de Libre Comercio de Am\u00e9rica del Norte. An\u00e1lisis, Cr\u00edtica y Propuesta\u00bb.<\/strong>\n<ul class=\"wp-block-list\">\n<li><strong>Coordinaci\u00f3n General: Alberto Arroyo y Jorge A. Calder\u00f3n Salazar. Coautor<\/strong>.Red Mexicana de Acci\u00f3n Frente al Libre Comercio.<\/li>\n\n\n\n<li>M\u00e9xico 1993. 300 p\u00e1ginas.<\/li>\n<\/ul>\n<\/li>\n<\/ul>\n\n\n\n<ul class=\"has-small-font-size wp-block-list\">\n<li><strong>\u00abDemocracia, Soberan\u00eda y Desarrollo Econ\u00f3mico Nacional\u00bb.<\/strong>\n<ul class=\"wp-block-list\">\n<li>Dos tomos.\u00a0<strong>Coordinador General y coautor<\/strong>. C\u00e1mara de Diputados, LV Legislatura.<\/li>\n\n\n\n<li>M\u00e9xico, D. F., 1994. Tomo I: 440 p\u00e1ginas. Tomo II, 633 p\u00e1ginas.<\/li>\n<\/ul>\n<\/li>\n<\/ul>\n\n\n\n<ul class=\"has-small-font-size wp-block-list\">\n<li><strong>\u201cEstudios de evaluaci\u00f3n del Tratado de Libre Comercio de Am\u00e9rica del Norte\u201d.<\/strong>\n<ul class=\"wp-block-list\">\n<li><strong>Coordinador General y coautor<\/strong>. Senado de la Rep\u00fablica y Editorial Praxis.<\/li>\n\n\n\n<li>M\u00e9xico. 2000. 166 p\u00e1ginas.<\/li>\n<\/ul>\n<\/li>\n<\/ul>\n\n\n\n<ul class=\"has-small-font-size wp-block-list\">\n<li><strong>\u201cM\u00e9xico y el nuevo orden internacional. An\u00e1lisis y propuestas legislativas 1997-2000\u201d.<\/strong>\n<ul class=\"wp-block-list\">\n<li><strong>Autor.<\/strong>\u00a0Senado de la Rep\u00fablica y Editorial Praxis.<\/li>\n\n\n\n<li>M\u00e9xico. 2000. 488 p\u00e1ginas.<\/li>\n<\/ul>\n<\/li>\n<\/ul>\n\n\n\n<ul class=\"has-small-font-size wp-block-list\">\n<li><strong>\u201cAcuerdo de Asociaci\u00f3n Econ\u00f3mica, Concertaci\u00f3n Pol\u00edtica y Cooperaci\u00f3n entre M\u00e9xico y la Uni\u00f3n Europea\u201d.<\/strong>\n<ul class=\"wp-block-list\">\n<li><strong>Coordinador general y coautor<\/strong>. Senado de la Rep\u00fablica.<\/li>\n\n\n\n<li>M\u00e9xico. 2000. 148 p\u00e1ginas.<\/li>\n<\/ul>\n<\/li>\n<\/ul>\n\n\n\n<ul class=\"has-small-font-size wp-block-list\">\n<li><strong>\u201cMemoria de la Comisi\u00f3n de Relaciones Exteriores IV\u201d.<\/strong>\n<ul class=\"wp-block-list\">\n<li>Dos Tomos.\u00a0<strong>Coordinador general y coautor<\/strong>. Senado de la Rep\u00fablica.<\/li>\n\n\n\n<li>M\u00e9xico. 1999 y 2000. Tomo I, 346 p\u00e1ginas; Tomo II, 424 p\u00e1ginas.<\/li>\n<\/ul>\n<\/li>\n<\/ul>\n\n\n\n<ul class=\"has-small-font-size wp-block-list\">\n<li><strong>\u201cReforma fiscal integral: justa, equitativa y federalista\u201d.<\/strong>\n<ul class=\"wp-block-list\">\n<li><strong>Coordinaci\u00f3n General: Miroslava Garc\u00eda Su\u00e1rez y Jorge A. Calder\u00f3n Salazar. Coautor<\/strong>.<\/li>\n\n\n\n<li>C\u00e1mara de Diputados. M\u00e9xico, 2001. 170 p\u00e1ginas.<\/li>\n<\/ul>\n<\/li>\n<\/ul>\n\n\n\n<ul class=\"has-small-font-size wp-block-list\">\n<li><strong>\u201cM\u00e9xico en el mundo global\u201d.<\/strong>\n<ul class=\"wp-block-list\">\n<li><strong>Coordinador y coautor<\/strong>. Fundaci\u00f3n Fiedrich Ebert.<\/li>\n\n\n\n<li>M\u00e9xico, 2001. 320 p\u00e1ginas.<\/li>\n<\/ul>\n<\/li>\n<\/ul>\n\n\n\n<ul class=\"has-small-font-size wp-block-list\">\n<li><strong>\u201cArea de Libre Comercio de las Am\u00e9ricas, an\u00e1lisis y alternativas. Respuesta social a la agenda corporativa\u201d.<\/strong>\n<ul class=\"wp-block-list\">\n<li><strong>Coordinaci\u00f3n: Alberto Arroyo Picard, Jorge A. Calder\u00f3n Salazar, Miroslava Garc\u00eda Su\u00e1rez y Andr\u00e9s Pe\u00f1aloza<\/strong>. Fundaci\u00f3n Friedrich Ebert.<\/li>\n\n\n\n<li>M\u00e9xico, D.F. 2002. 217 p\u00e1ginas.<\/li>\n<\/ul>\n<\/li>\n<\/ul>\n\n\n\n<ul class=\"has-small-font-size wp-block-list\">\n<li><strong>\u201cM\u00e9xico Reforma Fiscal, Pol\u00edtica Econ\u00f3mica y Deuda P\u00fablica\u201d.<\/strong>\n<ul class=\"wp-block-list\">\n<li><strong>Coordinaci\u00f3n: Jorge A. Calder\u00f3n Salazar, Miroslava Garc\u00eda Su\u00e1rez y Alejandra Tello M.<\/strong><\/li>\n\n\n\n<li>C\u00e1mara de Diputados M\u00e9xico, 2002. 137 p\u00e1ginas.<\/li>\n<\/ul>\n<\/li>\n<\/ul>\n\n\n\n<ul class=\"has-small-font-size wp-block-list\">\n<li><strong>\u201cReforma del Sector El\u00e9ctrico de M\u00e9xico, propuestas viables y soberanas\u201d.<\/strong>\n<ul class=\"wp-block-list\">\n<li><strong>Coordinaci\u00f3n: Rosario Tapia y Jorge A. Calder\u00f3n Salazar<\/strong>. Instituto de Estudios de la Revoluci\u00f3n Democr\u00e1tica.<\/li>\n\n\n\n<li>M\u00e9xico 2002. 254 p\u00e1ginas.<\/li>\n<\/ul>\n<\/li>\n<\/ul>\n\n\n\n<ul class=\"has-small-font-size wp-block-list\">\n<li><strong>Federalismo Hacendario en M\u00e9xico. Retos y alternativas\u201d.<\/strong>\n<ul class=\"wp-block-list\">\n<li><strong>Coordinador General y coautor<\/strong>. Fundaci\u00f3n Friedrich Ebert.<\/li>\n\n\n\n<li>M\u00e9xico, 2005 . 180 p\u00e1ginas.<\/li>\n<\/ul>\n<\/li>\n<\/ul>\n\n\n\n<ul class=\"has-small-font-size wp-block-list\">\n<li><strong>\u201cM\u00e9xico Hacia una reforma integral del Estado. Propuestas y alternativas\u201d.<\/strong>\n<ul class=\"wp-block-list\">\n<li><strong>Coordinador y coautor<\/strong>. Fundaci\u00f3n Friedrich Ebert.<\/li>\n\n\n\n<li>M\u00e9xico, 2005. 671 p\u00e1ginas.<\/li>\n<\/ul>\n<\/li>\n<\/ul>\n\n\n\n<ul class=\"has-small-font-size wp-block-list\">\n<li><strong>\u201cDesarrollo Rural y Crisis Alimentaria en M\u00e9xico\u201d.<\/strong>\n<ul class=\"wp-block-list\">\n<li><strong>Autor<\/strong>. Senado de la Rep\u00fablica. Instituto Belisario Dom\u00ednguez.<\/li>\n\n\n\n<li>M\u00e9xico. 2012. 104 p\u00e1ginas.<\/li>\n<\/ul>\n<\/li>\n<\/ul>\n","protected":false},"excerpt":{"rendered":"<p>Lista de Publicaciones<\/p>\n","protected":false},"author":1,"featured_media":0,"parent":0,"menu_order":0,"comment_status":"closed","ping_status":"closed","template":"","meta":{"_editorskit_title_hidden":false,"_editorskit_reading_time":0,"_editorskit_is_block_options_detached":false,"_editorskit_block_options_position":"{}","footnotes":""},"class_list":["post-95","page","type-page","status-publish","hentry"],"_links":{"self":[{"href":"https:\/\/globalizacionydesarrollo.com\/home\/wp-json\/wp\/v2\/pages\/95","targetHints":{"allow":["GET"]}}],"collection":[{"href":"https:\/\/globalizacionydesarrollo.com\/home\/wp-json\/wp\/v2\/pages"}],"about":[{"href":"https:\/\/globalizacionydesarrollo.com\/home\/wp-json\/wp\/v2\/types\/page"}],"author":[{"embeddable":true,"href":"https:\/\/globalizacionydesarrollo.com\/home\/wp-json\/wp\/v2\/users\/1"}],"replies":[{"embeddable":true,"href":"https:\/\/globalizacionydesarrollo.com\/home\/wp-json\/wp\/v2\/comments?post=95"}],"version-history":[{"count":2,"href":"https:\/\/globalizacionydesarrollo.com\/home\/wp-json\/wp\/v2\/pages\/95\/revisions"}],"predecessor-version":[{"id":102,"href":"https:\/\/globalizacionydesarrollo.com\/home\/wp-json\/wp\/v2\/pages\/95\/revisions\/102"}],"wp:attachment":[{"href":"https:\/\/globalizacionydesarrollo.com\/home\/wp-json\/wp\/v2\/media?parent=95"}],"curies":[{"name":"wp","href":"https:\/\/api.w.org\/{rel}","templated":true}]}}